
{"id":30,"date":"2020-12-01T15:06:13","date_gmt":"2020-12-01T14:06:13","guid":{"rendered":"http:\/\/lamoulinettelille.fr\/?page_id=30"},"modified":"2023-07-18T10:41:53","modified_gmt":"2023-07-18T08:41:53","slug":"participer","status":"publish","type":"page","link":"https:\/\/lamoulinettelille.fr\/?page_id=30","title":{"rendered":"Participer ?"},"content":{"rendered":"\n<p>La Moulinette est <strong>ouverte \u00e0 toute proposition d&#8217;\u00e9v\u00e9nement ou d&#8217;atelier <\/strong>e<strong>n accord avec sa <a rel=\"noreferrer noopener\" href=\"http:\/\/lamoulinettelille.fr\/wp-content\/uploads\/2020\/12\/Charte-Moulinette-site-V3.odt.pdf\" data-type=\"URL\" data-id=\"http:\/\/lamoulinettelille.fr\/wp-content\/uploads\/2020\/12\/Charte-Moulinette-site-V3.odt.pdf\" target=\"_blank\">charte<\/a>. <\/strong><\/p>\n\n\n\n<p>La Moulinette favorise en particulier les initiatives qui \u00e9manent d&#8217;acteurs et actrices <strong>du quartier Moulins<\/strong>, mais pas uniquement ! Peu importe que ton initiative soit <strong>individuelle ou collective<\/strong>, structur\u00e9e ou informelle, <strong>r\u00e9guli\u00e8re ou ponctuelle<\/strong>, amatrice ou professionnelle, rod\u00e9e ou exp\u00e9rimentale&#8230;<\/p>\n\n\n\n<p><strong>Tu as une id\u00e9e ? <\/strong>Une envie ? Une passion ? Que dis-je, un r\u00eave ?<em> <\/em>Quel que soit ton d\u00e9lire, il a s\u00fbrement une place \u00e0 La Moulinette ! <\/p>\n\n\n\n<p class=\"has-text-align-center\"><em>Moulinons ensemble !<\/em><\/p>\n\n\n\n<p>&#8211;> <strong>Viens nous en parler sur place, au bar de pr\u00e9f\u00e9rence !<\/strong><\/p>\n\n\n\n<p>Tu peux aussi envoyer un mail \u00e0 <a href=\"mailto:lamoulinette59@protonmail.com\">lamoulinette59@protonmail.com<\/a><\/p>\n\n\n\n<figure class=\"wp-block-image size-large\"><img loading=\"lazy\" decoding=\"async\" width=\"1024\" height=\"683\" src=\"http:\/\/lamoulinettelille.fr\/wp-content\/uploads\/2021\/03\/couture-GARCON-1024x683.jpg\" alt=\"\" class=\"wp-image-314\" srcset=\"https:\/\/lamoulinettelille.fr\/wp-content\/uploads\/2021\/03\/couture-GARCON-1024x683.jpg 1024w, https:\/\/lamoulinettelille.fr\/wp-content\/uploads\/2021\/03\/couture-GARCON-300x200.jpg 300w, https:\/\/lamoulinettelille.fr\/wp-content\/uploads\/2021\/03\/couture-GARCON-768x512.jpg 768w, https:\/\/lamoulinettelille.fr\/wp-content\/uploads\/2021\/03\/couture-GARCON.jpg 1500w\" sizes=\"auto, (max-width: 1024px) 100vw, 1024px\" \/><\/figure>\n\n\n\n<p><\/p>\n","protected":false},"excerpt":{"rendered":"<p>La Moulinette est ouverte \u00e0 toute proposition d&#8217;\u00e9v\u00e9nement ou d&#8217;atelier en accord avec sa charte. La Moulinette favorise en particulier les initiatives qui \u00e9manent d&#8217;acteurs et actrices du quartier Moulins, mais pas uniquement ! Peu importe que ton initiative soit individuelle ou collective, structur\u00e9e ou &hellip; <\/p>\n","protected":false},"author":1,"featured_media":0,"parent":0,"menu_order":0,"comment_status":"closed","ping_status":"closed","template":"","meta":{"footnotes":""},"class_list":["post-30","page","type-page","status-publish","hentry"],"_links":{"self":[{"href":"https:\/\/lamoulinettelille.fr\/index.php?rest_route=\/wp\/v2\/pages\/30","targetHints":{"allow":["GET"]}}],"collection":[{"href":"https:\/\/lamoulinettelille.fr\/index.php?rest_route=\/wp\/v2\/pages"}],"about":[{"href":"https:\/\/lamoulinettelille.fr\/index.php?rest_route=\/wp\/v2\/types\/page"}],"author":[{"embeddable":true,"href":"https:\/\/lamoulinettelille.fr\/index.php?rest_route=\/wp\/v2\/users\/1"}],"replies":[{"embeddable":true,"href":"https:\/\/lamoulinettelille.fr\/index.php?rest_route=%2Fwp%2Fv2%2Fcomments&post=30"}],"version-history":[{"count":24,"href":"https:\/\/lamoulinettelille.fr\/index.php?rest_route=\/wp\/v2\/pages\/30\/revisions"}],"predecessor-version":[{"id":661,"href":"https:\/\/lamoulinettelille.fr\/index.php?rest_route=\/wp\/v2\/pages\/30\/revisions\/661"}],"wp:attachment":[{"href":"https:\/\/lamoulinettelille.fr\/index.php?rest_route=%2Fwp%2Fv2%2Fmedia&parent=30"}],"curies":[{"name":"wp","href":"https:\/\/api.w.org\/{rel}","templated":true}]}}

<p>La Moulinette est <strong>ouverte à toute proposition d&#8217;événement ou d&#8217;atelier </strong>e<strong>n accord avec sa <a rel="noreferrer noopener" href="http://lamoulinettelille.fr/wp-content/uploads/2020/12/Charte-Moulinette-site-V3.odt.pdf" data-type="URL" data-id="http://lamoulinettelille.fr/wp-content/uploads/2020/12/Charte-Moulinette-site-V3.odt.pdf" target="_blank">charte</a>. </strong></p>



<p>La Moulinette favorise en particulier les initiatives qui émanent d&#8217;acteurs et actrices <strong>du quartier Moulins</strong>, mais pas uniquement ! Peu importe que ton initiative soit <strong>individuelle ou collective</strong>, structurée ou informelle, <strong>régulière ou ponctuelle</strong>, amatrice ou professionnelle, rodée ou expérimentale&#8230;</p>



<p><strong>Tu as une idée ? </strong>Une envie ? Une passion ? Que dis-je, un rêve ?<em> </em>Quel que soit ton délire, il a sûrement une place à La Moulinette ! </p>



<p class="has-text-align-center"><em>Moulinons ensemble !</em></p>



<p>&#8211;> <strong>Viens nous en parler sur place, au bar de préférence !</strong></p>



<p>Tu peux aussi envoyer un mail à <a href="mailto:lamoulinette59@protonmail.com">lamoulinette59@protonmail.com</a></p>



<figure class="wp-block-image size-large"><img loading="lazy" decoding="async" width="1024" height="683" src="http://lamoulinettelille.fr/wp-content/uploads/2021/03/couture-GARCON-1024x683.jpg" alt="" class="wp-image-314" srcset="https://lamoulinettelille.fr/wp-content/uploads/2021/03/couture-GARCON-1024x683.jpg 1024w, https://lamoulinettelille.fr/wp-content/uploads/2021/03/couture-GARCON-300x200.jpg 300w, https://lamoulinettelille.fr/wp-content/uploads/2021/03/couture-GARCON-768x512.jpg 768w, https://lamoulinettelille.fr/wp-content/uploads/2021/03/couture-GARCON.jpg 1500w" sizes="auto, (max-width: 1024px) 100vw, 1024px" /></figure>



<p></p>

<p>La Moulinette est ouverte à toute proposition d&#8217;événement ou d&#8217;atelier en accord avec sa charte. La Moulinette favorise en particulier les initiatives qui émanent d&#8217;acteurs et actrices du quartier Moulins, mais pas uniquement ! Peu importe que ton initiative soit individuelle ou collective, structurée ou &hellip; </p>
